1110010001110100001 (base 2) to base 5
-10301004013
Convert -207dd (base 15) to base 11.
-70457
Convert -24137642 (base 8) to base 14.
-9ba798
-1022221112122 (base 3) to base 8
-2545705
Convert -24b2442 (base 12) to base 15.
-97329e
What is -10001101001111010110 (base 2) in base 14?
-110b8a
What is -11040456 (base 8) in base 5?
-1102012412
-1631516 (base 7) to base 6
-4503355
Convert 2141041031 (base 5) to base 13.
c60465
Convert 284aa43 (base 12) to base 3.
120011201012020
Convert -10111111000000100111 (base 2) to base 15.
-106c35
What is -122210023 (base 4) in base 8?
-324413
-87638 (base 12) to base 4
-223223030
Convert 11001010101111000 (base 2) to base 6.
2120320
3d426 (base 16) to base 15
4e52d
Convert 17b87 (base 12) to base 15.
a364
-88a51a (base 11) to base 14
-28d42c
What is -121201120122110 (base 3) in base 2?
-100001111010000001110111
Convert -35a98 (base 11) to base 3.
-2122012001
-100221201222 (base 3) to base 16
-2fd47
What is 2612156 (base 9) in base 3?
2200102011220
What is -900d27 (base 14) in base 8?
-22362767
What is -142343 (base 8) in base 2?
-1100010011100011
ad2c17 (base 14) to base 12
1b79b71
Convert 111220121021 (base 3) to base 13.
97828
467252 (base 16) to base 8
21471122
What is 1142323324 (base 5) in base 11?
1583543
What is 226300205 (base 7) in base 14?
1bc993c
-4045771 (base 8) to base 15
-1616ba
What is -437136 (base 10) in base 6?
-13211440
What is -12201000122220 (base 3) in base 15?
-3ed410
-100101110011101001111011 (base 2) to base 3
-200122112012122
Convert 184032 (base 16) to base 9.
2882086
What is -12012100033 (base 4) in base 3?
-10000012200221
Convert -41951 (base 12) to base 10.
-86029
Convert -1507e6 (base 15) to base 7.
-11423055
What is 271c1 (base 15) in base 9?
210761
What is -b0b91 (base 16) in base 7?
-6103241
Convert 2279294 (base 11) to base 8.
17135403
Convert -17b98e (base 15) to base 6.
-40414042
What is -12130414321 (base 5) in base 7?
-232431553
Convert -43733570 (base 8) to base 15.
-c60a7b
What is 11001211201120 (base 3) in base 5?
1023141023
Convert 3234044 (base 7) to base 15.
7c148
What is 370558 (base 9) in base 8?
664454
What is -36426216 (base 7) in base 3?
-20010011011010
-227326 (base 9) to base 15
-2a710
Convert 1012010121 (base 3) to base 6.
300241
Convert 18068 (base 9) to base 3.
122002022
Convert -255fd5 (base 16) to base 15.
-335b10
What is 111001001111101000 (base 2) in base 5?
30000342
-74131 (base 10) to base 8
-220623
What is -15122432 (base 6) in base 5?
-113233210
1173a05 (base 13) to base 8
24477153
49947 (base 11) to base 3
10122022221
-210220012 (base 3) to base 12
-92a2
Convert 4130002 (base 6) to base 8.
603222
What is 20348 (base 12) in base 9?
63502
What is 20330441 (base 5) in base 12?
81005
1e3a0 (base 15) to base 9
160346
What is -127cc (base 15) in base 12?
-2a286
262611 (base 15) to base 6
103123024
Convert -210012012002 (base 3) to base 5.
-101322000
What is 32221302333 (base 4) in base 6?
214155223
-4132000 (base 6) to base 8
-604100
-277a (base 12) to base 3
-20020211
-10189 (base 15) to base 4
-30130203
-11000101001011010101 (base 2) to base 10
-807637
What is 10b74 (base 15) in base 16?
cfd9
Convert 278501 (base 10) to base 15.
577bb
50421124 (base 6) to base 16
15e02c
Convert 110100010011011 (base 2) to base 8.
64233
-57b5d (base 15) to base 3
-112012010221
-25430365 (base 9) to base 13
-277c220
-1235 (base 12) to base 3
-2211012
32341223 (base 5) to base 7
2234405
2121031011 (base 4) to base 10
627525
Convert c45d6 (base 15) to base 2.
10010111111011110110
Convert 185650 (base 10) to base 5.
21420100
Convert 16413004 (base 8) to base 12.
1336b70
Convert 298262 (base 10) to base 11.
1940a8
What is 11010110011100100 (base 2) in base 5?
12003141
Convert 11001000001000010 (base 2) to base 6.
2110214
What is -2a2c8 (base 16) in base 11?
-108870
What is -32013300133 (base 4) in base 5?
-1421424131
What is 102ac2 (base 14) in base 3?
1000201012120
What is 368673 (base 10) in base 12?
159429
Convert 2017375 (base 11) to base 2.
1101100110111110100101
-300066 (base 7) to base 5
-3103334
-1000110110000000001 (base 2) to base 8
-1066001
-250041 (base 7) to base 3
-2022121200
-113508 (base 9) to base 10
-68210
Convert -1216d1 (base 15) to base 10.
-865546
Convert 24d620 (base 16) to base 12.
985080
2102212012110 (base 3) to base 9
2385173
What is -1187750 (base 10) in base 5?
-301002000
Convert -1004105252 (base 6) to base 5.
-10112221110
What is 435041 (base 7) in base 13?
28898
-b296a (base 14) to base 8
-1507542
What is -403141032 (base 5) in base 13?
-447209
What is -1d06b (base 16) in base 4?
-131001223
Convert 6b67c4 (base 14) to base 4.
31333121020
Convert 396a18 (base 11) to base 2.
10011000011000001001
Convert 90114 (base 11) to base 2.
100000001101000001
-2353607 (base 8) to base 4
-2131132013
Convert 1180b9 (base 12) to base 14.
75485
Convert 2200010101 (base 3) to base 2.
1100110101100011
11120000102120 (base 3) to base 13
66a146
What is -10453343 (base 6) in base 12?
-134253
353262 (base 7) to base 4
33201231
Convert -1111000101010011000 (base 2) to base 15.
-9b68c
Convert -2002133130 (base 4) to base 2.
-10000010011111011100
What is -11201201200 (base 3) in base 15?
-1c8c9
What is 3434010 (base 6) in base 4?
222323112
Convert -11123200 (base 5) to base 2.
-11000000011110110
200130230 (base 4) to base 13
48659
What is e79cc (base 15) in base 10?
734592
Convert -101010010111010110101010 (base 2) to base 5.
-10320340311
What is 2653135 (base 7) in base 8?
1252101
-1303020022 (base 4) to base 15
-94ac7
Convert 14146a (base 14) to base 15.
dae5a
Convert -142739 (base 12) to base 5.
-41230120
214519 (base 13) to base 16
bea02
-5a722a (base 11) to base 6
-32334132
77340 (base 8) to base 10
32480
313001020 (base 4) to base 12
aa4b4
15222230 (base 6) to base 15
a78dc
What is 10000001100001101 (base 2) in base 4?
100030031
Convert -24445253 (base 6) to base 15.
-107449
What is -211112020021101 (base 3) in base 13?
-2632237
Convert 33110012121 (base 4) to base 3.
21112221211210
9914b (base 12) to base 6
4200535
10000000100111001011000 (base 2) to base 4
100010321120
What is -1041051 (base 6) in base 7?
-304600
-111042113 (base 5) to base 9
-822226
What is -72574 (base 10) in base 16?
-11b7e
Convert -10203112311 (base 4) to base 9.
-2218026
Convert -7130 (base 10) to base 2.
-1101111011010
32664 (base 16) to base 2
110010011001100100
1fda9 (base 16) to base 12
63609
Convert 384636 (base 9) to base 3.
102211201020
What is 457375 (base 11) in base 4?
2301202003
Convert -5170633 (base 10) to base 14.
-9884ad
-101021102102 (base 3) to base 10
-202241
Convert -1011110011010010 (base 2) to base 5.
-3021323
What is -3421722 (base 11) in base 2?
-10110110110011111100011
What is 660150 (base 7) in base 8?
341204
What is 15412250 (base 7) in base 9?
2708218
Convert 112343311 (base 5) to base 13.
14c271
Convert -5550603 (base 7) to base 13.
-1ac7a2
What is -1431001123 (base 5) in base 13?
-a1b0a0
Convert -163038 (base 10) to base 9.
-267573
What is -6c29c6 (base 15) in base 6?
-302511423
What is -1101734 (base 9) in base 11?
-374706
What is 2112293 (base 10) in base 2?
1000000011101100100101
40dd7a (base 15) to base 13
83cbc9
Convert -526001 (base 7) to base 15.
-1bdeb
What is 1338e (base 16) in base 5?
10004414
-7e82 (base 15) to base 5
-1330042
Convert 456132 (base 8) to base 16.
25c5a
-773660 (base 9) to base 2
-1110000110010101101
Convert -12102231 (base 5) to base 7.
-646624
-41801 (base 9) to base 14
-a0d0
Convert -4138 (base 13) to base 11.
-6846
Convert -583078 (base 9) to base 12.
-14a65b
Convert -b090d5 (base 16) to base 7.
-200232620
Convert -3330517 (base 8) to base 15.
-12ad3e
What is 120a3 (base 16) in base 12?
36917
What is 3596c9 (base 13) in base 12?
517458
Convert 11100110010111101110110 (base 2) to base 11.
4296577
237a9 (base 16) to base 11
9a200
Convert -3611772 (base 9) to base 8.
-7355273
What is -51516424 (base 7) in base 12?
-1546434
Convert 73024 (base 11) to base 12.
51776
What is -42341114 (base 5) in base 11?
-223340
Convert 21255705 (base 8) to base 15.
5ebc1c
What is -151232 (base 7) in base 12?
-14b38
Convert 304235 (base 7) to base 14.
14cc5
What is 11101101100000110001110 (base 2) in base 15?
a3b033
What is -13311120 (base 5) i